a prime number?
True
Is 16499 a composite number?
True
Is 32647 a composite number?
False
Is 17483 a prime number?
True
Is 3833 composite?
False
Is 304279 a composite number?
False
Is 73003 prime?
False
Is 129169 composite?
False
Is 98597 a prime number?
True
Is 31709 prime?
False
Is 4037 composite?
True
Is 342371 composite?
False
Is 4429 prime?
False
Is 51109 composite?
False
Is 6778 prime?
False
Is 93733 composite?
True
Is 467 a prime number?
True
Is 298721 a prime number?
False
Is 715727 composite?
False
Is 1069273 composite?
False
Is 12821 composite?
False
Is 21023 a prime number?
True
Is 837191 prime?
True
Is 1055 a composite number?
True
Is 867857 a prime number?
True
Is 533033 composite?
False
Is 18763 a prime number?
False
Is 2524723 composite?
False
Is 616163 prime?
False
Is 11591 a prime number?
False
Is 230918 a prime number?
False
Is 206389 a composite number?
True
Is 38953 a prime number?
True
Is 17167 prime?
True
Is 24239 a prime number?
True
Is 107999 composite?
False
Is 1144769 a prime number?
False
Is 168247 a prime number?
True
Is 73009 prime?
True
Is 12759 prime?
False
Is 770227 composite?
False
Is 129445 prime?
False
Is 9221 a composite number?
False
Is 733641 composite?
True
Is 2333 a composite number?
False
Is 10321 prime?
True
Is 230189 a composite number?
False
Is 38041 a prime number?
False
Is 1116406 composite?
True
Is 70491 a composite number?
True
Is 66841 composite?
False
Is 46198 a composite number?
True
Is 28637 prime?
False
Is 363422 a composite number?
True
Is 10637 a composite number?
True
Is 1001237 a composite number?
False
Is 34795 composite?
True
Is 329 composite?
True
Is 1722131 composite?
False
Is 72019 composite?
False
Is 185929 prime?
False
Is 91477 a composite number?
True
Is 19637 a composite number?
True
Is 31121 a composite number?
False
Is 166319 a composite number?
False
Is 2894 a prime number?
False
Is 3277 a prime number?
False
Is 423723 composite?
True
Is 11269 a prime number?
False
Is 31757 a composite number?
True
Is 32171 composite?
True
Is 2053 composite?
False
Is 52627 a composite number?
False
Is 24499 prime?
True
Is 846347 prime?
False
Is 847403 prime?
False
Is 24191 a prime number?
False
Is 14101 composite?
True
Is 281989 a composite number?
False
Is 1074461 prime?
True
Is 42557 a prime number?
True
Is 35671 prime?
True
Is 19289 composite?
False
Is 2741 a composite number?
False
Is 361721 a composite number?
True
Is 463949 a prime number?
True
Is 28993 prime?
False
Is 124219 a composite number?
True
Is 50613 a prime number?
False
Is 71633 a composite number?
False
Is 81053 a prime number?
False
Is 789319 a prime number?
False
Is 513965 a prime number?
False
Is 986023 a prime number?
True
Is 22531 composite?
False
Is 12697 composite?
False
Is 36191 a prime number?
True
Is 3959 prime?
False
Is 3831 composite?
True
Is 38945 a composite number?
True
Is 53657 a composite number?
False
Is 201193 a prime number?
True
Is 579505 a composite number?
True
Is 332179 a prime number?
True
Is 3899 a composite number?
True
Is 396833 a prime number?
True
Is 520529 composite?
False
Is 417563 prime?
False
Is 35 a composite number?
True
Is 2813 prime?
False
Is 169627 a composite number?
False
Is 98387 prime?
True
Is 30343 composite?
True
Is 34271 composite?
True
Is 877 a prime number?
True
Is 19447 composite?
False
Is 1346977 prime?
True
Is 573 a composite number?
True
Is 9553 prime?
False
Is 9119 a composite number?
True
Is 25001 a composite number?
True
Is 164039 composite?
False
Is 97219 a composite number?
True
Is 218213 a prime number?
True
Is 146906 prime?
False
Is 23399 prime?
True
Is 1229 composite?
False
Is 6349 prime?
False
Is 9527 a prime number?
False
Is 427178 a prime number?
False
Is 159539 a composite number?
False
Is 9601 prime?
True
Is 50613 a prime number?
False
Is 77191 composite?
False
Is 613 prime?
True
Is 4547 prime?
True
Is 184181 composite?
False
Is 82129 prime?
True
Is 483761 composite?
False
Is 8117 prime?
True
Is 9601 prime?
True
Is 3085057 a prime number?
True
Is 9649 a composite number?
False
Is 116257 composite?
False
Is 4327 a prime number?
True
Is 257 prime?
True
Is 8321 prime?
False
Is 12497 a composite number?
False
Is 41991 composite?
True
Is 5939485 a prime number?
False
Is 50057 a composite number?
True
Is 32849 a composite number?
True
Is 2053 a prime number?
True
Is 180293 a prime number?
False
Is 88679 a prime number?
False
Is 1063753 a composite number?
True
Is 168347 a prime number?
True
Is 2767 composite?
False
Is 572719 a prime number?
False
Is 26951 prime?
True
Is 44521 composite?
True
Is 118033 prime?
True
Is 119291 composite?
False
Is 146119 a prime number?
False
Is 569533 a prime number?
True
Is 7187 a prime number?
True
Is 4203643 composite?
False
Is 2209 a prime number?
False
Is 3047 a composite number?
True
Is 172069 composite?
False
Is 50359 prime?
True
Is 12949 prime?
False
Is 33527 a composite number?
True
Is 115195 a composite number?
True
Is 104623 a composite number?
False
Is 3622 a composite number?
True
Is 992309 a composite number?
False
Is 94873 a composite number?
False
Is 249 a composite number?
True
Is 55681 composite?
False
Is 4151 a prime number?
False
Is 6502 prime?
False
Is 22717 a composite number?
False
Is 115 prime?
False
Is 1011889 composite?
False
Is 69257 a prime number?
True
Is 594109 a prime number?
False
Is 6887 a composite number?
True
Is 4591 a prime number?
True
Is 12011 prime?
True
Is 95777 a prime number?
False
Is 1466479 composite?
True
Is 109999 a composite number?
True
Is 191 composite?
False
Is 3511 prime?
True
Is 1074833 a composite number?
False
Is 8483 prime?
False
Is 98621 prime?
True
Is 811311 prime?
False
Is 1344869 prime?
True
Is 281353 prime?
True
Is 304979 a composite number?
False
Is 102587 prime?
True
Is 179591 a composite number?
False
Is 8545 a prime number?
False
Is 187574 prime?
False
Is 8779 a prime number?
True
Is 59591 composite?
True
Is 566521 prime?
True
Is 1577 prime?
False
Is 815 a composite number?
True
Is 237035 prime?
False
Is 843443 composite?
False
Is 9278 a prime number?
False
Is 109511 composite?
True
Is 345329 a prime number?
True
Is 68351 composite?
False
Is 29917 composite?
False
Is 2184499 a composite number?
False
Is 2025103 composite?
False
Is 2395 prime?
False
Is 179 prime?
True
Is 16793 prime?
False
Is 1475987 composite?
True
Is 43037 prime?
True
Is 59921 prime?
True
Is 3047 composite?
True
Is 53101 prime?
True
Is 44159 a composite number?
False
Is 2264818 a prime number?
False
Is 8419 prime?
True
Is 2040697 prime?
False
Is 28351 a prime number?
True
Is 2053 composite?
False
Is 12523 a composite number?
True
Is 804157 a prime number?
True
Is 232261 prime?
False
Is 48199 composite?
True
Is 87263 composite?
True
Is 135929 composite?
False
Is 999563 prime?
True
Is 201219 a prime number?
False
Is 936709 composite?
False
Is 591967 prime?
False
Is 11467 prime?
True
Is 80843 a prime number?
False
Is 18041 a composite number?
False
Is 125131 composite?
False
Is 537739 a prime number?
True
Is 77069 prime?
True
Is 728303 a composite number?
False
Is 1903 composite?
True
Is 5387 a prime number?
True
Is 781241 a composite number?
True
Is 2498 a composite number?
True
Is 287171 prime?
False
Is 3943 prime?
True
Is 411087 a prime number?
False
Is 36683 composite?
False
Is 2179 prime?
True
Is 16759 a composite number?
False
Is 32647 a composite number?
False
Is 203531 a prime number?
True
Is 12517 composite?
False
Is 2599 a prime number?
False
Is 93037 a composite number?
True
Is 10367 a composite number?
True
Is 10061 a prime number?
True
Is 528559 a prime number?
True
Is 191773 a prime number?
True
Is 3511 prime?
True
Is 11959 a composite number?
False
Is 43661 prime?
True
Is 7609 prime?
False
Is 675643 prime?
True
Is 2237 a composite number?
False
Is 2923 a prime number?
False
Is 51673 composite?
False
Is 65167 a composite number?
False
Is 21767 composite?
False
Is 157793 a composite number?
False
Is 17071 composite?
True
Is 879 prime?
False
Is 21989 composite?
True
Is 7369 a composite number?
False
Is 769 prime?
True
Is 17237 a prime number?
False
Is 55087 composite?
True
Is 123581 prime?
True
Is 28949 composite?
False
Is 6287 a prime number?
True
Is 249955 a composite number?
True
Is 15991 